s(4)?
-27
Let q(k) = -k**3 + 3*k**2 - k. Determine q(4).
-20
Let n(a) = -59*a**2 - 5*a - 4. What is n(-1)?
-58
Let z(p) = -p**3 - 2*p**2 - 12*p - 40. What is z(-3)?
5
Let i(x) = -x**2 + 11*x - 23. Give i(9).
-5
Let n(q) = q**3 - 2*q**2 - 12*q + 16. Give n(4).
0
Let w(g) = -g**3 - 18*g**2 - 71*g + 9. Give w(-12).
-3
Let u(q) = -5*q + 40. Give u(8).
0
Let g(o) = -6*o**2 - 17*o - 31. Determine g(-2).
-21
Let o(z) = -4*z**2 - 70*z - 34. Give o(-17).
0
Let g(z) = 2*z + 26. Determine g(-11).
4
Let k(r) = -r**3 + 3*r**2 + 8*r + 3. What is k(5)?
-7
Let q(g) = -g**3 + 4*g**2 - 4. Give q(4).
-4
Let h(m) = -9*m + 4. Give h(3).
-23
Let l(p) = p**2 - 8*p. Determine l(5).
-15
Let j(a) = a**2 + 5*a - 7. Give j(-6).
-1
Let z(g) = 3*g + 26. Determine z(5).
41
Let c(y) = 3*y**2 + 3*y - 9. Determine c(4).
51
Let m(l) = l**2 - 8*l + 1. Give m(8).
1
Let p(i) = -4*i - 15. What is p(0)?
-15
Let z(b) = -3*b**2 - b + 4. Give z(-3).
-20
Let f(r) = r**2 + 4*r + 2. Give f(-7).
23
Let o(r) = -r**3 + 5*r**2 + 3*r - 1. Give o(4).
27
Let j(c) = c**3 - 4*c**2 - 3*c - 3. Give j(5).
7
Let t(h) = 37*h**3 - 2*h**2 + 2*h - 1. Calculate t(1).
36
Let g(d) = -d**2 + 10*d - 14. Give g(8).
2
Let i(h) = -h**3 - 24. What is i(0)?
-24
Let d(a) = -8*a - 19. Give d(-10).
61
Let w(o) = -o**2 + 8*o + 38. Determine w(11).
5
Let g(y) = -y**2 + 3. Calculate g(-2).
-1
Let s(b) = 2*b**3 + 4*b**2 - 5*b - 6. Determine s(-4).
-50
Let v(s) = s**3 - 8*s**2 - 11*s + 11. What is v(9)?
-7
Let z(h) = h**3 + 5*h**2 + 4*h - 7. Determine z(-4).
-7
Let z(b) = 2*b**3 + 9*b**2 + 3*b - 2. Determine z(-4).
2
Let s(m) = -16*m - 131. What is s(-8)?
-3
Let i(y) = y**3 + 88. What is i(0)?
88
Let s(n) = n**3. Determine s(2).
8
Let x(b) = -b**3 + 23*b**2 + 25*b - 22. Give x(24).
2
Let i(b) = -3*b - 27. What is i(-10)?
3
Let x(l) = -l**2 - 2*l + 44. What is x(0)?
44
Let j(a) = -a**3 + 6*a**2 + 10*a - 30. Determine j(7).
-9
Let a(t) = -t**3 - 2*t**2 - 11*t - 11. Determine a(-2).
11
Let p(y) = 2*y**3 - 4*y**2 + 2*y + 5. Determine p(2).
9
Let v(q) = -q**3 - 7*q**2 - 5*q + 3. What is v(-6)?
-3
Let c(d) = 2*d - 4. Determine c(5).
6
Let f(r) = r**3 + 15*r**2 + 14*r + 8. What is f(-14)?
8
Let z(y) = 8*y**2 + 29*y - 53. Determine z(2).
37
Let v(z) = z**3 + 5*z**2 - 13*z - 10. Calculate v(-6).
32
Let m(q) = -3*q - 9. Calculate m(-6).
9
Let p(k) = 6*k**2 + 14*k - 1. Give p(-2).
-5
Let m(n) = n**3 + 20*n**2 + 2*n + 46. Calculate m(-20).
6
Let s(y) = -2*y**3 + 15*y**2 + 6*y + 16. Calculate s(8).
0
Let o(q) = q**2 - 6*q + 5. Calculate o(4).
-3
Let f(q) = -q**2 - 14*q + 33. What is f(-16)?
1
Let m(u) = -u**2 + 13*u - 3. Calculate m(14).
-17
Let r(a) = 10*a**2 - 36*a - 13. Give r(4).
3
Let z(d) = 2*d**2 + 15*d - 28. Calculate z(-9).
-1
Let h(u) = 10*u**3 - 4*u**2 + 2*u. What is h(1)?
8
Let h(g) = -7*g - 52. Determine h(-8).
4
Let x(d) = 7*d + 234. Calculate x(-34).
-4
Let m(f) = 2*f**3 - 45*f**2 + 23*f - 26. What is m(22)?
-4
Let q(k) = k**3 - 13*k**2 + 38*k + 15. Give q(8).
-1
Let l(o) = o**3 - 21*o**2 + 19*o + 11. Calculate l(20).
-9
Let d(a) = 10*a**2 - 45*a - 9. What is d(5)?
16
Let k(p) = -2*p - 52. Determine k(18).
-88
Let g(i) = i**3 - 3*i**2 - 6*i - 4. Determine g(5).
16
Let i(f) = 3*f**2 + 11*f + 2. Give i(-4).
6
Let a(x) = x**3 + 20*x**2 + 38*x + 15. What is a(-18)?
-21
Let c(d) = -d - 19. Calculate c(6).
-25
Let k(n) = n**3 + 2*n**2 - 7*n + 6. Determine k(1).
2
Let u(a) = -a**2 - 7*a + 13. Calculate u(-8).
5
Let g(c) = c**3 + 3*c**2 - 7*c - 6. Give g(-4).
6
Let j(a) = -a**3 + 14*a**2 + 3*a - 21. Give j(14).
21
Let r(l) = 39*l + 345. What is r(-9)?
-6
Let o(k) = k**2 + 2*k + 3. Give o(2).
11
Let n(a) = -a**2 - 66*a + 7. Calculate n(-66).
7
Let m(f) = f**2 - 54. Calculate m(0).
-54
Let t(s) = 3*s - 12. Calculate t(-6).
-30
Let x(a) = -a**2 + 8*a + 84. Determine x(14).
0
Let p(d) = d**2 - 4*d + 3. Determine p(3).
0
Let n(z) = -11*z - 2. Give n(1).
-13
Let v(m) = m**3 + 8*m**2 - 41*m + 10. Determine v(4).
38
Let d(q) = q + 11. Calculate d(-7).
4
Let o(c) = -16*c**2 + 2*c - 1. What is o(1)?
-15
Let b(j) = -7*j - 6. What is b(2)?
-20
Let f(v) = 7*v - 2. Calculate f(7).
47
Let h(a) = -3*a - 14. Give h(-6).
4
Let f(z) = -2*z**3 + 2*z + 8. Calculate f(-2).
20
Let q(s) = -19*s**2 - 2*s + 1. Calculate q(-1).
-16
Let g(y) = -y**2 - 17*y - 11. Give g(-16).
5
Let s(h) = h + 1. Give s(-13).
-12
Let o(z) = 8*z**2 - 8*z + 21. What is o(3)?
69
Let s(o) = 5*o - 2. What is s(1)?
3
Let y(p) = -28*p + 397. What is y(14)?
5
Let p(a) = a**2 - 6*a - 2. Calculate p(5).
-7
Let b(v) = -4*v**2 + 69*v - 69. Give b(1).
-4
Let v(u) = 46*u + 134. Determine v(-3).
-4
Let h(g) = g**2 - g + 10. Calculate h(0).
10
Let z(s) = s - 5. Give z(-22).
-27
Let b(h) = -3*h + 5. Give b(-10).
35
Let l(n) = -n**3 + 2*n**2 + 17*n + 4. Give l(-3).
-2
Let l(k) = -k**2 + 4*k + 1. What is l(3)?
4
Let f(k) = 8*k**2 - 18*k - 5. Calculate f(2).
-9
Let h(l) = -7*l + 297. Calculate h(46).
-25
Let r(u) = u**3 - 16*u**2 - 17*u + 7. Determine r(17).
7
Let b(s) = -3*s - 5. Calculate b(-6).
13
Let b(o) = 34*o + 19. What is b(2)?
87
Let y(k) = 3*k**2 - 6*k - 64. Calculate y(-9).
233
Let w(t) = -5*t - 2. Give w(6).
-32
Let m(y) = y**3 + 7*y**2 + 7*y + 4. Calculate m(-7).
-45
Let z(f) = 25*f - 300. What is z(12)?
0
Let o(n) = -17*n - 5. Calculate o(-2).
29
Let d(g) = 3*g + 17. What is d(-9)?
-10
Let f(n) = -n**3 + 2*n**2 + 6*n + 1. What is f(-2)?
5
Let x(s) = s**3 - 12*s**2 - 10*s - 19. What is x(13)?
20
Let a(n) = 28*n**2 + 310*n + 22. Calculate a(-11).
0
Let q(p) = -5*p**2 - 26*p - 8. What is q(-5)?
-3
Let h(i) = 2*i**2 - 2*i - 5. Give h(5).
35
Let l(r) = -r**3 + 3*r**2 + 13*r - 11. What is l(5)?
4
Let w(g) = -g**3 + g**2 - 2. What is w(0)?
-2
Let h(k) = k**3 + 9*k**2 - 10*k + 6. What is h(-10)?
6
Let b(j) = j**3 + 12*j**2 + 9*j - 21. What is b(-11)?
1
Let r(f) = -8*f - 1. Determine r(1).
-9
Let y(a) = a**3 - 17*a**2 - 21*a + 37. What is y(18)?
-17
Let r(l) = l**3 - 7*l**2 - 6*l - 10. Calculate r(7).
-52
Let h(q) = -q + 22. What is h(9)?
13
Let b(r) = 3*r + 4. Give b(-4).
-8
Let d(a) = -a**3 - 6*a**2 - 8*a + 3. What is d(-3)?
0
Let d(n) = 4*n**2 + n + 1. What is d(4)?
69
Let j(g) = -g**3 - 2*g**2 + 3*g + 1. Calculate j(-3).
1
Let v(o) = -2*o**3 + 11*o**2 - 4*o - 12. Give v(5).
-7
Let r(x) = -11*x + 4. Calculate r(2).
-18
Let n(d) = d**2 + 13*d + 8. Determine n(-7).
-34
Let x(y) = 2*y**3 - 4*y - 11. What is x(-2)?
-19
Let u(c) = 8*c + 7. Give u(6).
55
Let b(i) = i**2 + i + 3. What is b(-4)?
15
Let a(p) = 8*p - 255. Calculate a(28).
-31
Let g(h) = -h**3 + 2*h**2 + 16*h - 32. Determine g(3).
7
Let d(f) = f**2 - 16*f - 54. Give d(19).
3
Let a(n) = -2*n**2 + 4*n + 13. What is a(-6)?
-83
Let x(a) = a**3 - a**2 + a + 21. What is x(0)?
21
Let a(f) = -3*f - 11. What is a(-5)?
4
Let o(a) = 2*a - 62. Calculate o(28).
-6
Let b(q) = q**2 - 10*q - 17. Give b(6).
-41
Let q(y) = -5*y - 9. Calculate q(6).
-39
Let o(q) = -q**3 - 7*q**2 - 11*q - 18. Calculate o(-6).
12
Let j(k) = 8*k - 25. Give j(4).
7
Let u(m) = -4*m - 44. Calculate u(-9).
-8
Let l(u) = u**2 + 5*u - 1. Calculate l(-5).
-1
Let j(m) = -m**2 - 18*m + 10. What is j(-17)?
27
Let c(w) = 11*w**2. Calculate c(1).
11
Let w(j) = -3*j**2 + 2*j + 10. Give w(0).
10
Let u(v) = -25*v + 530. Determine u(21).
5
Let d(c) = c**3 - 4*c**2 + 3*c + 1. Calculate d(3).
1
Let j(q) = -q**2 - 3. Determine j(2).
-7
Let j(m) = -m**2 - 14*m - 8. Determine j(-12).
16
Let w(j) = -2*j**2 + 30*j - 21. Determine w(14).
7
Let u(w) = -w**3 - 7*w**2 + 32*w + 1. Calculate u(-10).
-19
Let x(v) = v**2 - 4*v + 5. What is x(2)?
1
Let d(s) = -s**2 - 5*s + 25. Determine d(-6).
19
Let r(d) = -18*d + 241. Determine r(14).
-11
Let u(l) = -l**2 + 3*l + 4. Give u(6).
-14
Let r(u) = u**3 - 6*u**2 - 7*u + 12. What is r(7)?
12
Let m(t) = t**3 - 5*t**2 - 14*t + 44. Determine m(6).
-4
Let y(c) = -61*c + 364. Determine y(6).
-2
Let l(k) = -4*k - 51. Give l(-13).
1
Let d(u) = -u**2 + 12*u - 20. Determine d(3).
7
Let h(i) = 38*i + 281. Calculate h(-7).
15
Let h(n) = n**3 - 2*n**2. Give h(-2).
-16
Let s(j) = j**2 + 5*j + 7. Calculate s(-3).
1
Let b(j) = -18*j - 2. Calculate b(8).
-146
Let l(c) = 36*c**2. What is l(-1)?
36
Let w(q) = 7*q + 185. What is w(-26)?
3
Let n(g) = 49*g - 425. Calculate n(8).
-33
Let n(o) = 3*o + 20. What is n(-5)?
5
Let f(h) = 43*h + 206. What is f(-5)?
-9
Let x(c) = 